et k be 1/((-10)/12) + 74/370. Give z(k).
-2
Let d(a) = a**3 - 5*a**2 - 3*a + 2. Suppose 5*w - 2*v = 306, 2*v = 7*v + 15. Let f = -55 + w. Determine d(f).
-13
Let o(p) = -10*p + 6. Let s(y) = -11*y + 7. Let r(w) = -4*o(w) + 3*s(w). Let h = -2 - -3. Let b be 1 + h + (2 - 2). Give r(b).
11
Suppose 3*z - 5*r - 10 = 0, -5*z + 4*r + 0*r + 34 = 0. Suppose 0*b + 5*b = -z. Let q(x) = -x - 4. Calculate q(b).
-2
Suppose 12*q + 270 = 2*q. Let i = 21 + q. Let f(z) = z**3 + 6*z**2 - 2*z - 3. Determine f(i).
9
Let b be 172/36 - (-2)/9. Suppose -6*l - 5 = -b. Let s(f) = f + 6. Determine s(l).
6
Let s(n) = 275*n**2 + 4*n - 8 - 2*n - 276*n**2. Give s(0).
-8
Let n(f) be the first derivative of -f**7/840 + f**6/90 + f**5/40 - f**4/4 - 4*f**3 - 1. Let i(q) be the third derivative of n(q). Give i(4).
6
Suppose -112 = 2*n - 16. Let t be 32/n*(6/4 - 0). Let p(y) be the third derivative of 7*y**5/30 + y**4/24 + y**3/6 + y**2. Determine p(t).
14
Let v(s) = -4 + 1 - s**3 - 2*s - 2854*s**2 + 2849*s**2. Determine v(-4).
-11
Let w be -1 - (3 + -1)/(8/(-60)). Suppose -3*r + 0*b + 5*b = -34, -4*b - w = 2*r. Let z(j) = j**3 - 3*j**2 + 4*j + 1. Give z(r).
13
Let z(y) = 33*y. Let i(c) = -c**3 + 9*c**2 + 10*c + 1. Let f be i(10). Let d be z(f). Let g = d + -28. Let k(o) = -2*o + 7. Determine k(g).
-3
Let n(u) be the second derivative of -u**5/20 - u**4/2 - 5*u**3/6 - 3*u**2/2 - 29*u + 3. Determine n(-5).
-3
Let j = 5 + 1. Suppose j = 3*b - 3. Let x(t) = 2*t + 11 + 12 - 21. Determine x(b).
8
Let s(r) = 26*r**2 - 1. Let p(o) = -o**3 + 2*o**2 + 3*o + 1. Let v be p(0). Determine s(v).
25
Let c(m) = 5*m - 5. Let g = -432 - -437. What is c(g)?
20
Let v(x) be the first derivative of -6 - 1/2*x**2 + 2*x. Let c = 12 + -5. Give v(c).
-5
Let d(b) = 18*b + 1. Suppose 40*u + 2 = 42*u. Give d(u).
19
Let g(x) = 2*x**2 + 5*x + 4. Let u be 24/13 - 34/(-221). Let y be 4 + -5 + -4 + u. Give g(y).
7
Suppose 0 = 10*z + 6 - 26. Let b(l) = 3*l - 1. Determine b(z).
5
Let w(c) = c - 19. Let a be -7*36/(-42) + 7. What is w(a)?
-6
Let m(g) be the third derivative of -g**4/12 - g**3/3 - 3*g**2. Let j(r) = -7*r - 2. Suppose 2*d - 2 = 4*d. Let c be j(d). Give m(c).
-12
Let x(z) = 2*z**3 + 1 + 1 - 6*z**2 - z**3 + z. Suppose 4 = 2*n - 8. Suppose 3*b - 24 = -n. Give x(b).
8
Let s(j) be the second derivative of j**3/3 + 2*j**2 + j. Suppose -12 = -22*t + 24*t. Let r be s(t). Let d(x) = x + 11. What is d(r)?
3
Let q(x) = -6*x**3 - 11*x**2 + 17*x + 9. Let m(f) = -5*f**3 - 10*f**2 + 15*f + 7. Let d(j) = -7*m(j) + 6*q(j). Give d(4).
-7
Let z(s) be the third derivative of -s**4/24 + 7*s**3/6 + 42*s**2. What is z(11)?
-4
Let o(n) = -2*n - 6. Let y(z) = z + 5. Let w(b) = o(b) + 3*y(b). Determine w(-7).
2
Let b(d) = d + 2. Let v be 90/108 + (-15)/18. Determine b(v).
2
Let j(b) = 5*b**3 + 7*b**2 + 6*b + 7. Suppose 11*t + 60 = t. Let d(w) = -4*w**3 - 6*w**2 - 5*w - 6. Let c(u) = t*j(u) - 7*d(u). Calculate c(1).
-3
Let x(v) = -10 - v + v**3 + 11 - 7 - v**2. What is x(0)?
-6
Let p(k) = -11 + 6 - 3*k**2 - 2*k**2 + 4*k**2 - 10*k. What is p(-7)?
16
Let c(n) = 2 + 10*n - 22*n + 14*n. What is c(5)?
12
Let u = -28 + 22. Let m(a) be the second derivative of -1/12*a**4 - a**3 + 7*a - 1/2*a**2 + 0. Determine m(u).
-1
Let h(o) be the third derivative of -o**7/5040 + o**6/120 + 11*o**5/30 - 8*o**2. Let s(p) be the third derivative of h(p). Calculate s(8).
-2
Let f(p) = -1 + 1 + p**2 + 6 - 7*p. Suppose c = -4*c + 175. Suppose 0 = -0*s + 5*s - c. What is f(s)?
6
Let f(q) = -q + 6. Let g be 2/4 - (-18)/4. Let s(x) = 4 - g + 1 - 5. Let c(p) = -3*f(p) - 4*s(p). Give c(-3).
-7
Let l = 7 - -37. Suppose 0 = 4*g - 4*z + 48, 3*z = -6*g + g - l. Let a(r) = r**3 + 11*r**2 + 10*r - 9. What is a(g)?
-9
Let f(b) = -32 - 25 - 32 + 0*b - b + 78. Suppose 5*t = -j - 5, -2*j - 3*j + 5*t = 115. Let m be ((-1)/(-2))/(2/j). What is f(m)?
-6
Let j(b) = -3*b**2 + 159 + 14*b + b**2 - 56 - 57 - 51. Determine j(7).
-5
Let i(y) = -6*y - 8. Let o(m) = -m - 1. Let s(l) = i(l) - 5*o(l). Let b be s(-6). Let x(j) = j**2 + 0*j - j + b + 2*j. What is x(0)?
3
Let d(s) = -s**3 - 4*s**2 + 4*s - 6. Suppose 7*m - 5*m + 30 = 0. Let q be m*(2 - (-15)/(-9)). Give d(q).
-1
Let o(b) = 3*b**3 + 0 + 1 + 3*b - 6*b**2 + 0*b. Let y(a) = 252*a**2 - 1 - 239*a**2 - 6*a - 1 - 7*a**3. Let t(m) = 5*o(m) + 2*y(m). Give t(3).
1
Let l be ((-20)/6)/((-8)/12). Let k(o) be the third derivative of 1/24*o**4 + 0 - o**2 - 5/6*o**3 + 0*o. Calculate k(l).
0
Suppose -50*d + 425 = -45*d. Suppose 81*z = d*z + 24. Let s(m) = -m**2 - 7*m - 5. Determine s(z).
1
Let j = -57 + 73. Suppose 0 = j*s - 18 + 66. Let o(g) = -4 + 6 - 2*g - 3. What is o(s)?
5
Let g(c) = 17*c**2 + 2*c + 3. Let a(f) = -15*f**2 - 2*f - 2. Let j(y) = 7*a(y) + 6*g(y). Give j(-4).
-36
Let a be -1*26/(-8) + (-21)/(-28). Suppose 0 = -f + 2. Let h(j) = 0*j - f + 2*j - a*j. What is h(2)?
-6
Let c(m) = -5*m**3 - 10*m**2 + 17*m + 17. Let t(w) = -4*w**3 - 10*w**2 + 16*w + 15. Let r(h) = 3*c(h) - 4*t(h). What is r(-11)?
13
Let j(a) = a**3 + 10*a**2 - 13*a - 7. Let s be j(-11). Suppose 0*i - 5*i + s = -5*m, -5*m - 7 = -3*i. Let r(y) = -4*y**3 - 2*y + 1. Give r(m).
-5
Suppose -71 = -5*z - 16. Let c(v) = -1 - z*v + 0 - 3 - v**2 - 1. Determine c(-6).
25
Let l(v) be the second derivative of 0 + 8*v - 1/6*v**3 + 6*v**2. What is l(6)?
6
Let j(r) = 23*r**3 + 2*r**2 - 1. Let g(p) = -p**2 - 25*p + 55. Let c be g(2). Calculate j(c).
24
Let u(r) = -2*r**3 - 4*r**2 + 4*r + 3. Let m(i) = -i**3 - 3*i**2 + 3*i + 2. Let g(o) = -4*m(o) + 3*u(o). Calculate g(-1).
3
Let b = -24 + 48. Let i(h) = 3 - b*h**2 + 1 + 62*h**2 + 4*h + h**3 - 32*h**2. What is i(-5)?
9
Let f(v) = -v**2 - 4*v + 7. Let r(i) = -i**2 - 3*i + 6. Let o(k) = -3*f(k) + 4*r(k). Give o(-2).
-1
Let m(w) = -32*w - 1. Let o(y) = y**3 - 43*y**2 - 47*y + 133. Let c be o(44). Give m(c).
-33
Let v(g) = -g**2 - 10*g - 24. Let s be -3 + 1 + 6 + -9. Calculate v(s).
1
Let x(h) be the first derivative of -2*h + 1/3*h**3 + 4*h**2 - 22. Calculate x(-8).
-2
Let x(v) be the second derivative of v**4/3 - v**3/6 + v**2/2 - 9*v. What is x(1)?
4
Let b(n) be the second derivative of n**4/12 + n**3/3 - 5*n**2/2 - 93*n - 1. Give b(-6).
19
Let t be (-1)/16*12*4. Let x(v) = v**3 + 6*v**2 + 4*v - 1. Calculate x(t).
14
Suppose 11*d = 8*d - 9. Let m(o) = -2*o + 2. What is m(d)?
8
Let m(d) = d**3 - 4*d**2 + 2*d + 2. Suppose 0 = -2*h - 0 + 6. Suppose 4 = 2*t - 2*l - 0*l, 2*l + 9 = 3*t. Let b = t - h. Determine m(b).
-2
Suppose 0 = 5*v - 0*v + 25, 2*v = -2*c - 18. Let t(f) = f**2 + f + 8. Calculate t(c).
20
Let l(m) = 3*m - 3. Let w be l(4). Let o be w - (1 - (-2 + 0)). Let y(j) = 0*j**3 + 7 + 3*j**3 + 6*j**2 - 4*j**3 - j. What is y(o)?
1
Let y(b) be the second derivative of 2*b**2 + 0 + 1/6*b**3 + 9*b. Determine y(-6).
-2
Let n(o) = -o**2 - 8*o + 4. Let k(z) = -z**2 - 9*z + 5. Let x(y) = -2*k(y) + 3*n(y). Suppose w - 5*f + 26 = 0, -2*f - 2*f = 8. Let s = w - -31. Calculate x(s).
7
Let r(v) = -1 + 3 - 7*v + 0 + 3 - 2. Determine r(2).
-11
Let c(q) = q**3 - 3*q - 5. Suppose 71*g + 160 = 18. Determine c(g).
-7
Let t(a) = a**3 + a**2 - 5*a + 2. Let z be ((-9)/42)/(3/(-42)). Determine t(z).
23
Let s(p) = 4*p + 5. Suppose -c = 4*c + 10. Let y(t) = 12*t + 16. Let u(v) = c*y(v) + 7*s(v). What is u(-3)?
-9
Let m(u) = -u**2 + 5*u + 9. Let q be m(6). Suppose -3*f + 4*f - 2 = 0. Let z(s) = s - 2 - s - f - s. Give z(q).
-7
Let r(f) = -f**2 - 3*f + 4. Let j(x) = -x**2 + 11*x - 13. Let h be j(10). Let p be (2 + h - 2) + 2 - 5. Calculate r(p).
-14
Let c(n) be the first derivative of 9 + 86*n**2 - 173*n**2 + 88*n**2 - n. Give c(2).
3
Let u(f) = -15*f**3 - 6*f**2 + f - 2. Let z(n) = 19*n**3 + 7*n**2 - 2*n + 3. Let i(a) = -5*u(a) - 4*z(a). Calculate i(2).
4
Suppose p - 18 = 4*p. Suppose 10*f - 4 = 8*f. Let b(i) = -10*i**3 + 3*i**3 + 4*i**3 + i + 4*i**3 + 6*i**f + 8. What is b(p)?
2
Let s(n) = 5*n**2 - 10*n + 8. Let z(y) = 2*y**2. Let b(v) = -s(v) + 3*z(v). Give b(-8).
-24
Let u(k) = 9*k**3 + 1. Let a(y) = 5*y - 31. Let d(x) = -7*x - 1. Let b be d(-1). Let f be a(b). Determine u(f).
-8
Let v(b) = b**2 - 5*b - 6. Let c be -2*(-4 + 8 + -6). Determine v(c).
-10
Let t(o) = 5*o**3 - o**2 - o. Let n be t(-1). Let c(v) be the second derivative of -v**3/6 - 6*v**2 - 7*v. Calculate c(n).
-7
Let l(b) = -16 - b**2 + 15*b + 12*b**2 - 12 + b**3 + 8. Let q be l(